914 is divided by 1509?
1369
What is the remainder when 249533 is divided by 124693?
147
What is the remainder when 580185 is divided by 5372?
9
Calculate the remainder when 836107 is divided by 836083.
24
Calculate the remainder when 348439 is divided by 11614.
19
Calculate the remainder when 21419568 is divided by 2179.
2177
What is the remainder when 1648015 is divided by 1663?
1645
What is the remainder when 28193852 is divided by 57?
56
Calculate the remainder when 3410915 is divided by 15026.
13
What is the remainder when 7335316 is divided by 1073?
288
What is the remainder when 595344 is divided by 2782?
2778
What is the remainder when 433307 is divided by 140?
7
Calculate the remainder when 1758284 is divided by 9829.
8722
Calculate the remainder when 3517666 is divided by 7567.
6578
What is the remainder when 900193958 is divided by 40?
38
What is the remainder when 45890584 is divided by 3829?
19
Calculate the remainder when 383817 is divided by 76724.
197
Calculate the remainder when 502001 is divided by 9471.
38
Calculate the remainder when 256397 is divided by 1754.
313
What is the remainder when 4762762 is divided by 275?
37
Calculate the remainder when 145504 is divided by 48162.
1018
What is the remainder when 2146471 is divided by 1028?
7
What is the remainder when 9644722 is divided by 25?
22
What is the remainder when 1783997 is divided by 306?
17
What is the remainder when 1343077 is divided by 149227?
34
Calculate the remainder when 37950 is divided by 763.
563
Calculate the remainder when 7583773 is divided by 1417.
1406
Calculate the remainder when 137278 is divided by 2859.
46
What is the remainder when 93986284 is divided by 108?
40
Calculate the remainder when 88624 is divided by 22156.
0
What is the remainder when 211649 is divided by 2472?
1529
Calculate the remainder when 559458 is divided by 4144.
18
Calculate the remainder when 117092774 is divided by 535.
534
What is the remainder when 124600666 is divided by 27975?
16
What is the remainder when 10056325 is divided by 3308?
5
Calculate the remainder when 609450 is divided by 12733.
10999
What is the remainder when 29500 is divided by 152?
12
Calculate the remainder when 3561150 is divided by 642.
618
Calculate the remainder when 209204 is divided by 7897.
3882
What is the remainder when 344405 is divided by 6762?
6305
What is the remainder when 255910 is divided by 40?
30
Calculate the remainder when 1710617 is divided by 1183.
1182
What is the remainder when 73346 is divided by 70516?
2830
What is the remainder when 250446 is divided by 857?
202
What is the remainder when 67459279 is divided by 22486425?
4
Calculate the remainder when 293791 is divided by 58754.
21
Calculate the remainder when 18904826 is divided by 2100524.
110
Calculate the remainder when 64497 is divided by 32226.
45
Calculate the remainder when 38465779 is divided by 88427.
34
What is the remainder when 79143573 is divided by 53?
51
What is the remainder when 2889558 is divided by 60189?
486
What is the remainder when 2957563 is divided by 295756?
3
What is the remainder when 1969429 is divided by 984709?
11
Calculate the remainder when 180490 is divided by 3406.
3378
What is the remainder when 39799304 is divided by 33?
17
Calculate the remainder when 1606789 is divided by 400.
389
Calculate the remainder when 3029409 is divided by 16830.
9
Calculate the remainder when 521769 is divided by 253405.
14959
What is the remainder when 4724557 is divided by 787422?
25
Calculate the remainder when 104870 is divided by 999.
974
What is the remainder when 927948 is divided by 78?
60
Calculate the remainder when 486814 is divided by 486811.
3
Calculate the remainder when 1042565 is divided by 795.
320
Calculate the remainder when 537707 is divided by 134426.
3
Calculate the remainder when 12334 is divided by 1645.
819
Calculate the remainder when 19110 is divided by 7219.
4672
What is the remainder when 747952 is divided by 747640?
312
Calculate the remainder when 265176 is divided by 26418.
996
What is the remainder when 9522299 is divided by 3174098?
5
Calculate the remainder when 91019 is divided by 29938.
1205
What is the remainder when 1440145919 is divided by 3720?
3719
What is the remainder when 107299565 is divided by 594?
593
What is the remainder when 465928 is divided by 116478?
16
Calculate the remainder when 12729505 is divided by 2709.
2623
Calculate the remainder when 72494666 is divided by 56814.
2
Calculate the remainder when 257325 is divided by 51464.
5
What is the remainder when 803277 is divided by 256?
205
Calculate the remainder when 1384297 is divided by 73.
71
Calculate the remainder when 1071137 is divided by 3034.
135
Calculate the remainder when 2275341 is divided by 252815.
6
What is the remainder when 5690984 is divided by 142274?
24
What is the remainder when 5482 is divided by 1942?
1598
Calculate the remainder when 705992 is divided by 714.
560
What is the remainder when 324239 is divided by 53981?
353
What is the remainder when 402916 is divided by 743?
210
What is the remainder when 4936 is divided by 3313?
1623
What is the remainder when 62876108 is divided by 11?
9
Calculate the remainder when 144451097 is divided by 48150362.
11
What is the remainder when 1656631493 is divided by 3339?
3338
What is the remainder when 320788 is divided by 64145?
63
What is the remainder when 199606548 is divided by 55?
53
Calculate the remainder when 117755 is divided by 14626.
747
What is the remainder when 2691220 is divided by 696?
484
Calculate the remainder when 214424 is divided by 439.
192
What is the remainder when 6902657 is divided by 7?
6
What is the remainder when 673426 is divided by 16?
2
What is the remainder when 931336 is divided by 25?
11
Calculate the remainder when 527571 is divided by 3566.
3369
What is the remainder when 24055 is divided by 4706?
525
What is the remainder when 1536217315 is divided by 29?
25
What is the remainder when 156964 is divided by 162?
148
Calculate the remainder when 5980753 is divided by 1869.
1822
Calculate the remainder when 22098 is divided by 2600.
1298
Calculate the remainder when 806798 is divided by 115112.
1014
What is the remainder when 3226900 is divided by 19?
16
What is the remainder when 45844 is divided by 265?
264
What is the remainder when 172826 is divided by 5112?
4130
Calculate the remainder when 30943572 is divided by 1429.
6
What is the remainder when 145304 is divided by 8045?
494
What is the remainder when 804341 is divided by 18652?
2305
What is the remainder when 282574 is divided by 56391?
619
Calculate the remainder when 107720 is divided by 3844.
88
What is the remainder when 8822 is divided by 7148?
1674
What is the remainder when 62887604 is divided by 36?
32
Calculate the remainder when 191492257 is divided by 95.
92
Calculate the remainder when 5662232 is divided by 3292.
3284
What is the remainder when 765772 is divided by 78?
46
What is the remainder when 27614 is divided by 4522?
482
Calculate the remainder when 20490998 is divided by 101.
17
What is the remainder when 89221 is divided by 892?
21
Calculate the remainder when 43740 is divided by 863.
590
Calculate the remainder when 829625 is divided by 419.
5
What is the remainder when 3652732 is divided by 730527?
97
What is the remainder when 8044928 is divided by 7?
3
Calculate the remainder when 798107 is divided by 21.
2
Calculate the remainder when 778656 is divided by 6150.
3756
Calculate the remainder when 7793743 is divided by 8127.
8077
Calculate the remainder when 17097 is divided by 17067.
30
Calculate the remainder when 84357 is divided by 42092.
173
Calculate the remainder when 16191632 is divided by 3762.
3746
What is the remainder when 1447244 is divided by 723457?
330
What is the remainder when 387453 is divided by 5586?
2019
What is the remainder when 3711023 is divided by 3558?
29
What is the remainder when 4941678 is divided by 1647211?
45
Calculate the remainder when 3591129 is divided by 4142.
15
What is the remainder when 168791 is divided by 42041?
627
Calculate the remainder when 48677 is divided by 3530.
2787
What is the remainder when 255377129 is divided by 38?
29
What is the remainder when 117207 is divided by 58